f 264099846.
2, 3, 23, 89, 21503
What are the prime factors of 41951580?
2, 3, 5, 11, 17, 3739
What are the prime factors of 1429542158?
2, 11, 5907199
List the prime factors of 236694452.
2, 59173613
What are the prime factors of 1805120650?
2, 5, 19, 43, 44189
List the prime factors of 4968904983.
3, 7, 241, 853, 1151
What are the prime factors of 6438914028?
2, 3, 19, 2939, 3203
What are the prime factors of 446026699?
29, 503, 30577
List the prime factors of 141243048.
2, 3, 653903
List the prime factors of 286896523.
19, 15099817
What are the prime factors of 1700951481?
3, 20999401
List the prime factors of 1689526043.
1689526043
List the prime factors of 1860665826.
2, 3, 310110971
What are the prime factors of 836620340?
2, 5, 1571, 26627
List the prime factors of 142740077.
53, 167, 16127
What are the prime factors of 3030854587?
3030854587
What are the prime factors of 1762733455?
5, 7, 19, 23, 115249
List the prime factors of 1415532767.
11, 128684797
What are the prime factors of 190633824?
2, 3, 73547
What are the prime factors of 105590323?
131, 806033
List the prime factors of 13492167.
3, 13, 345953
What are the prime factors of 237102728?
2, 173, 171317
List the prime factors of 506334593.
107, 661, 7159
What are the prime factors of 23811693?
3, 19, 23, 41, 443
List the prime factors of 6097003703.
7, 29, 131, 4679
What are the prime factors of 307813858?
2, 11, 3637, 3847
What are the prime factors of 3780194?
2, 11, 171827
List the prime factors of 5230472983.
42641, 122663
List the prime factors of 81200366.
2, 13, 3123091
What are the prime factors of 34907337?
3, 53, 73181
What are the prime factors of 1306665096?
2, 3, 11, 4949489
List the prime factors of 604202515.
5, 7, 2237, 7717
What are the prime factors of 388914546?
2, 3, 7517, 8623
What are the prime factors of 56228409?
3, 6247601
What are the prime factors of 397727159?
79, 5034521
What are the prime factors of 40253548?
2, 10063387
List the prime factors of 2690944748.
2, 347, 1163, 1667
What are the prime factors of 97357174?
2, 31, 83, 18919
What are the prime factors of 268181047?
8501, 31547
What are the prime factors of 21815545?
5, 59, 73951
List the prime factors of 57892567.
7283, 7949
List the prime factors of 101182426.
2, 50591213
List the prime factors of 41701490.
2, 5, 1063, 3923
What are the prime factors of 1110208605?
3, 5, 11, 59, 114043
List the prime factors of 119269498.
2, 19, 3138671
What are the prime factors of 7532531592?
2, 3, 313855483
What are the prime factors of 37740442?
2, 17, 1110013
List the prime factors of 2270813891.
31, 73252061
What are the prime factors of 953405307?
3, 37, 2863079
What are the prime factors of 355379889?
3, 1327, 89269
List the prime factors of 129533885.
5, 13, 241, 8269
List the prime factors of 1114636025.
5, 17, 29, 90437
List the prime factors of 2836119630.
2, 3, 5, 31, 3049591
List the prime factors of 54189412.
2, 13547353
What are the prime factors of 2682133785?
3, 5, 601, 99173
List the prime factors of 106477624.
2, 11, 1209973
What are the prime factors of 67086922?
2, 7, 4791923
List the prime factors of 1986935690.
2, 5, 17, 687521
What are the prime factors of 77923504?
2, 4870219
What are the prime factors of 2132285317?
19, 61, 1839763
List the prime factors of 484520001.
3, 7, 23, 41, 43, 569
List the prime factors of 190604937.
3, 7297, 8707
What are the prime factors of 483280985?
5, 11, 8786927
What are the prime factors of 109284231?
3, 7, 5204011
List the prime factors of 89150458.
2, 5849, 7621
List the prime factors of 798742617.
3, 266247539
List the prime factors of 574075761.
3, 7, 173, 158017
What are the prime factors of 3494248346?
2, 569, 613, 5009
List the prime factors of 1072651764.
2, 3, 19, 4704613
What are the prime factors of 348943316?
2, 31, 79, 179, 199
What are the prime factors of 445021335?
3, 5, 11, 127, 7079
What are the prime factors of 796299020?
2, 5, 11, 67, 89, 607
What are the prime factors of 511991189?
511991189
What are the prime factors of 195390159?
3, 6971, 9343
List the prime factors of 233277518.
2, 67, 1740877
What are the prime factors of 236092060?
2, 5, 11804603
What are the prime factors of 507305270?
2, 5, 50730527
What are the prime factors of 110830092?
2, 3, 43, 214787
What are the prime factors of 1248512912?
2, 17, 43, 106747
List the prime factors of 2125434591.
3, 7, 4523, 7459
List the prime factors of 14547551.
271, 53681
List the prime factors of 198529917.
3, 19, 3482981
List the prime factors of 353684011.
113, 3129947
What are the prime factors of 29185589?
59, 494671
List the prime factors of 11873434.
2, 31, 191507
List the prime factors of 991493881.
7, 20234569
List the prime factors of 1814316273.
3, 7, 11, 872687
List the prime factors of 552817420.
2, 5, 23, 31, 38767
What are the prime factors of 118775853?
3, 7, 269333
List the prime factors of 436494882.
2, 3, 131, 555337
What are the prime factors of 183322634?
2, 11, 8332847
What are the prime factors of 803865189?
3, 267955063
What are the prime factors of 385176088?
2, 11, 4377001
List the prime factors of 3666531933.
3, 17, 1321, 6047
What are the prime factors of 1308814656?
2, 3, 6816743
What are the prime factors of 41863075?
5, 1674523
What are the prime factors of 103793192?
2, 887, 14627
What are the prime factors of 231615873?
3, 4663, 5519
List the prime factors of 1027940.
2, 5, 103, 499
List the prime factors of 3959365333.
7, 11, 59, 871531
List the prime factors of 10867345.
5, 89, 24421
What are the prime factors of 33108023?
13, 131, 19441
What are the prime factors of 206188335?
3, 5, 311, 1637
What are the prime factors of 41753632?
2, 17, 76753
List the prime factors of 2039314008.
2, 3, 84971417
List the prime factors of 311088794.
2, 571, 272407
List the prime factors of 330761087.
9587, 34501
List the prime factors of 16103077.
3797, 4241
What are the prime factors of 1661733981?
3, 163, 377581
What are the prime factors of 468594867?
3, 13, 2393, 5021
List the prime factors of 996584069.
13, 53, 101, 14321
What are the prime factors of 2008014735?
3, 5, 3163, 42323
List the prime factors of 100629318.
2, 3, 661, 25373
What are the prime factors of 10553922?
2, 3, 195443
List the prime factors of 4314165745.
5, 19, 45412271
List the prime factors of 1087061321.
1087061321
List the prime factors of 2351085015.
3, 5, 156739001
What are the prime factors of 317845861?
239, 1329899
List the prime factors of 124977270.
2, 3, 5, 11, 34429
List the prime factors of 803313359.
17, 2779631
What are the prime factors of 64275189?
3, 11, 1947733
List the prime factors of 2356124234.
2, 89, 13236653
What are the prime factors of 169686503?
7, 17, 1091, 1307
What are the prime factors of 521557977?
3, 17, 71, 144037
List the prime factors of 45754136.
2, 5719267
List the prime factors of 974266358.
2, 13, 37471783
List the prime factors of 929184965.
5, 79, 131, 17957
List the prime factors of 814206307.
13523, 60209
What are the prime factors of 12138387?
3, 4046129
List the prime factors of 748133405.
5, 149626681
What are the prime factors of 1809659284?
2, 452414821
What are the prime factors of 581154222?
2, 3, 11, 53, 103, 1613
What are the prime factors of 150636423?
3, 7, 373, 19231
What are the prime factors of 9150235?
5, 1830047
What are the prime factors of 901542?
2, 3, 31, 37, 131
List the prime factors of 654972767.
269, 2434843
List the prime factors of 14421240.
2, 3, 5, 4451
What are the prime factors of 801561445?
5, 317, 461, 1097
List the prime factors of 1598347425.
3, 5, 3319, 6421
What are the prime factors of 4827643067?
13, 43, 179, 48247
List the prime factors of 64573502.
2, 7, 61, 83, 911
What are the prime factors of 269383820?
2, 5, 23, 43, 13619
List the prime factors of 1530934731.
3, 71, 607, 3947
List the prime factors of 1060975.
5, 31, 37
What are the prime factors of 125732248?
2, 173, 90847
What are the prime factors of 48125610?
2, 3, 5, 13, 13711
List the prime factors of 2293686107.
67, 239, 143239
List the prime factors of 320476264.
2, 31, 1292243
What are the prime factors of 51395405?
5, 37, 277813
List the prime factors of 1076022734.
2, 131, 4106957
List the prime factors of 112767774.
2, 3, 7, 19